{"id":188,"date":"2025-12-10T09:47:02","date_gmt":"2025-12-10T08:47:02","guid":{"rendered":"https:\/\/scan-architecture.com\/?page_id=188"},"modified":"2025-12-10T09:47:16","modified_gmt":"2025-12-10T08:47:16","slug":"ma-laverie","status":"publish","type":"page","link":"https:\/\/scan-architecture.com\/index.php\/ma-laverie\/","title":{"rendered":"Ma laverie"},"content":{"rendered":"\n<p>MOA : Priv\u00e9<br>Programme : R\u00e9novation d\u2019une laverie<br>Surface : 50m\u00b2<br>Montant travaux : 85 000 euros (machines incluses)<br>Livraison : 2025<\/p>\n\n\n\n<p>La r\u00e9novation de cette laverie \u00e0 commenc\u00e9 par l\u2019\u00e9tude de l\u2019histoire et des usages de ces espaces collectifs afin de proposer plusieurs configurations pertinentes. La solution retenue par la cliente s\u2019organise autour de plusieurs \u00eelots qui structurent le volume et facilitent les d\u00e9placements. Les fonctions se r\u00e9partissent entre le centre et la p\u00e9riph\u00e9rie, avec, au c\u0153ur du dispositif, une grande table de pliage qui devient l\u2019\u00e9l\u00e9ment principal.<\/p>\n\n\n\n<figure class=\"wp-block-image size-full\"><img loading=\"lazy\" decoding=\"async\" width=\"698\" height=\"575\" src=\"https:\/\/scan-architecture.com\/wp-content\/uploads\/2025\/12\/Axo-communication.png\" alt=\"\" class=\"wp-image-189\" srcset=\"https:\/\/scan-architecture.com\/wp-content\/uploads\/2025\/12\/Axo-communication.png 698w, https:\/\/scan-architecture.com\/wp-content\/uploads\/2025\/12\/Axo-communication-300x247.png 300w\" sizes=\"auto, (max-width: 698px) 100vw, 698px\" \/><\/figure>\n\n\n\n<p>Autour d\u2019elle prennent place les machines, tandis que l\u2019espace libre entre les deux sert \u00e0 la fois de circulation et de zone d\u2019usage, avec des largeurs variables selon les besoins. Cette organisation optimise les gestes, la lisibilit\u00e9 et le confort d\u2019utilisation.<\/p>\n\n\n\n<figure class=\"wp-block-image size-large\"><img loading=\"lazy\" decoding=\"async\" width=\"1024\" height=\"950\" src=\"https:\/\/scan-architecture.com\/wp-content\/uploads\/2025\/12\/Avant-apres-1024x950.png\" alt=\"\" class=\"wp-image-190\" srcset=\"https:\/\/scan-architecture.com\/wp-content\/uploads\/2025\/12\/Avant-apres-1024x950.png 1024w, https:\/\/scan-architecture.com\/wp-content\/uploads\/2025\/12\/Avant-apres-300x278.png 300w, https:\/\/scan-architecture.com\/wp-content\/uploads\/2025\/12\/Avant-apres-768x713.png 768w, https:\/\/scan-architecture.com\/wp-content\/uploads\/2025\/12\/Avant-apres.png 1420w\" sizes=\"auto, (max-width: 1024px) 100vw, 1024px\" \/><\/figure>\n\n\n\n<p>L\u2019usage de textures et de couleurs d\u2019inspiration domestique vise \u00e0 donner un caract\u00e8re accueillant \u00e0 cette \u00ab pi\u00e8ce en plus \u00bb : un lieu qui n\u2019est pas tout \u00e0 fait chez soi, mais qui en reprend certains codes. Un espace de travail ouvert sur l\u2019ext\u00e9rieur permet par ailleurs de poursuivre ses activit\u00e9s professionnelles dans un cadre confortable.<\/p>\n","protected":false},"excerpt":{"rendered":"<p>MOA : Priv\u00e9Programme : R\u00e9novation d\u2019une laverieSurface : 50m\u00b2Montant travaux : 85 000 euros (machines incluses)Livraison : 2025 La r\u00e9novation de cette laverie \u00e0 commenc\u00e9 par l\u2019\u00e9tude de l\u2019histoire et des usages de ces espaces collectifs afin de proposer plusieurs configurations pertinentes. La solution retenue par la cliente s\u2019organise autour de plusieurs \u00eelots qui structurent [&hellip;]<\/p>\n","protected":false},"author":1,"featured_media":0,"parent":0,"menu_order":0,"comment_status":"closed","ping_status":"closed","template":"","meta":{"footnotes":""},"class_list":["post-188","page","type-page","status-publish","hentry"],"yoast_head":"<!-- This site is optimized with the Yoast SEO plugin v25.6 - https:\/\/yoast.com\/wordpress\/plugins\/seo\/ -->\n<title>Ma laverie -<\/title>\n<meta name=\"robots\" content=\"index, follow, max-snippet:-1, max-image-preview:large, max-video-preview:-1\" \/>\n<link rel=\"canonical\" href=\"https:\/\/scan-architecture.com\/index.php\/ma-laverie\/\" \/>\n<meta property=\"og:locale\" content=\"en_US\" \/>\n<meta property=\"og:type\" content=\"article\" \/>\n<meta property=\"og:title\" content=\"Ma laverie -\" \/>\n<meta property=\"og:description\" content=\"MOA : Priv\u00e9Programme : R\u00e9novation d\u2019une laverieSurface : 50m\u00b2Montant travaux : 85 000 euros (machines incluses)Livraison : 2025 La r\u00e9novation de cette laverie \u00e0 commenc\u00e9 par l\u2019\u00e9tude de l\u2019histoire et des usages de ces espaces collectifs afin de proposer plusieurs configurations pertinentes. La solution retenue par la cliente s\u2019organise autour de plusieurs \u00eelots qui structurent [&hellip;]\" \/>\n<meta property=\"og:url\" content=\"https:\/\/scan-architecture.com\/index.php\/ma-laverie\/\" \/>\n<meta property=\"article:modified_time\" content=\"2025-12-10T08:47:16+00:00\" \/>\n<meta property=\"og:image\" content=\"https:\/\/scan-architecture.com\/wp-content\/uploads\/2025\/12\/Axo-communication.png\" \/>\n\t<meta property=\"og:image:width\" content=\"698\" \/>\n\t<meta property=\"og:image:height\" content=\"575\" \/>\n\t<meta property=\"og:image:type\" content=\"image\/png\" \/>\n<meta name=\"twitter:card\" content=\"summary_large_image\" \/>\n<meta name=\"twitter:label1\" content=\"Est. reading time\" \/>\n\t<meta name=\"twitter:data1\" content=\"2 minutes\" \/>\n<script type=\"application\/ld+json\" class=\"yoast-schema-graph\">{\"@context\":\"https:\/\/schema.org\",\"@graph\":[{\"@type\":\"WebPage\",\"@id\":\"https:\/\/scan-architecture.com\/index.php\/ma-laverie\/\",\"url\":\"https:\/\/scan-architecture.com\/index.php\/ma-laverie\/\",\"name\":\"Ma laverie -\",\"isPartOf\":{\"@id\":\"https:\/\/scan-architecture.com\/#website\"},\"primaryImageOfPage\":{\"@id\":\"https:\/\/scan-architecture.com\/index.php\/ma-laverie\/#primaryimage\"},\"image\":{\"@id\":\"https:\/\/scan-architecture.com\/index.php\/ma-laverie\/#primaryimage\"},\"thumbnailUrl\":\"https:\/\/scan-architecture.com\/wp-content\/uploads\/2025\/12\/Axo-communication.png\",\"datePublished\":\"2025-12-10T08:47:02+00:00\",\"dateModified\":\"2025-12-10T08:47:16+00:00\",\"breadcrumb\":{\"@id\":\"https:\/\/scan-architecture.com\/index.php\/ma-laverie\/#breadcrumb\"},\"inLanguage\":\"en-US\",\"potentialAction\":[{\"@type\":\"ReadAction\",\"target\":[\"https:\/\/scan-architecture.com\/index.php\/ma-laverie\/\"]}]},{\"@type\":\"ImageObject\",\"inLanguage\":\"en-US\",\"@id\":\"https:\/\/scan-architecture.com\/index.php\/ma-laverie\/#primaryimage\",\"url\":\"https:\/\/scan-architecture.com\/wp-content\/uploads\/2025\/12\/Axo-communication.png\",\"contentUrl\":\"https:\/\/scan-architecture.com\/wp-content\/uploads\/2025\/12\/Axo-communication.png\",\"width\":698,\"height\":575},{\"@type\":\"BreadcrumbList\",\"@id\":\"https:\/\/scan-architecture.com\/index.php\/ma-laverie\/#breadcrumb\",\"itemListElement\":[{\"@type\":\"ListItem\",\"position\":1,\"name\":\"Home\",\"item\":\"https:\/\/scan-architecture.com\/\"},{\"@type\":\"ListItem\",\"position\":2,\"name\":\"Ma laverie\"}]},{\"@type\":\"WebSite\",\"@id\":\"https:\/\/scan-architecture.com\/#website\",\"url\":\"https:\/\/scan-architecture.com\/\",\"name\":\"SCAN Architecture\",\"description\":\"L&#039;atelier d&#039;architecture SCAN - Vincent HANNEBERT\",\"publisher\":{\"@id\":\"https:\/\/scan-architecture.com\/#organization\"},\"potentialAction\":[{\"@type\":\"SearchAction\",\"target\":{\"@type\":\"EntryPoint\",\"urlTemplate\":\"https:\/\/scan-architecture.com\/?s={search_term_string}\"},\"query-input\":{\"@type\":\"PropertyValueSpecification\",\"valueRequired\":true,\"valueName\":\"search_term_string\"}}],\"inLanguage\":\"en-US\"},{\"@type\":\"Organization\",\"@id\":\"https:\/\/scan-architecture.com\/#organization\",\"name\":\"SCAN Architecture\",\"url\":\"https:\/\/scan-architecture.com\/\",\"logo\":{\"@type\":\"ImageObject\",\"inLanguage\":\"en-US\",\"@id\":\"https:\/\/scan-architecture.com\/#\/schema\/logo\/image\/\",\"url\":\"https:\/\/scan-architecture.com\/wp-content\/uploads\/2025\/07\/SL1_CURA-3.jpg\",\"contentUrl\":\"https:\/\/scan-architecture.com\/wp-content\/uploads\/2025\/07\/SL1_CURA-3.jpg\",\"width\":1662,\"height\":2500,\"caption\":\"SCAN Architecture\"},\"image\":{\"@id\":\"https:\/\/scan-architecture.com\/#\/schema\/logo\/image\/\"}}]}<\/script>\n<!-- \/ Yoast SEO plugin. -->","yoast_head_json":{"title":"Ma laverie -","robots":{"index":"index","follow":"follow","max-snippet":"max-snippet:-1","max-image-preview":"max-image-preview:large","max-video-preview":"max-video-preview:-1"},"canonical":"https:\/\/scan-architecture.com\/index.php\/ma-laverie\/","og_locale":"en_US","og_type":"article","og_title":"Ma laverie -","og_description":"MOA : Priv\u00e9Programme : R\u00e9novation d\u2019une laverieSurface : 50m\u00b2Montant travaux : 85 000 euros (machines incluses)Livraison : 2025 La r\u00e9novation de cette laverie \u00e0 commenc\u00e9 par l\u2019\u00e9tude de l\u2019histoire et des usages de ces espaces collectifs afin de proposer plusieurs configurations pertinentes. La solution retenue par la cliente s\u2019organise autour de plusieurs \u00eelots qui structurent [&hellip;]","og_url":"https:\/\/scan-architecture.com\/index.php\/ma-laverie\/","article_modified_time":"2025-12-10T08:47:16+00:00","og_image":[{"width":698,"height":575,"url":"https:\/\/scan-architecture.com\/wp-content\/uploads\/2025\/12\/Axo-communication.png","type":"image\/png"}],"twitter_card":"summary_large_image","twitter_misc":{"Est. reading time":"2 minutes"},"schema":{"@context":"https:\/\/schema.org","@graph":[{"@type":"WebPage","@id":"https:\/\/scan-architecture.com\/index.php\/ma-laverie\/","url":"https:\/\/scan-architecture.com\/index.php\/ma-laverie\/","name":"Ma laverie -","isPartOf":{"@id":"https:\/\/scan-architecture.com\/#website"},"primaryImageOfPage":{"@id":"https:\/\/scan-architecture.com\/index.php\/ma-laverie\/#primaryimage"},"image":{"@id":"https:\/\/scan-architecture.com\/index.php\/ma-laverie\/#primaryimage"},"thumbnailUrl":"https:\/\/scan-architecture.com\/wp-content\/uploads\/2025\/12\/Axo-communication.png","datePublished":"2025-12-10T08:47:02+00:00","dateModified":"2025-12-10T08:47:16+00:00","breadcrumb":{"@id":"https:\/\/scan-architecture.com\/index.php\/ma-laverie\/#breadcrumb"},"inLanguage":"en-US","potentialAction":[{"@type":"ReadAction","target":["https:\/\/scan-architecture.com\/index.php\/ma-laverie\/"]}]},{"@type":"ImageObject","inLanguage":"en-US","@id":"https:\/\/scan-architecture.com\/index.php\/ma-laverie\/#primaryimage","url":"https:\/\/scan-architecture.com\/wp-content\/uploads\/2025\/12\/Axo-communication.png","contentUrl":"https:\/\/scan-architecture.com\/wp-content\/uploads\/2025\/12\/Axo-communication.png","width":698,"height":575},{"@type":"BreadcrumbList","@id":"https:\/\/scan-architecture.com\/index.php\/ma-laverie\/#breadcrumb","itemListElement":[{"@type":"ListItem","position":1,"name":"Home","item":"https:\/\/scan-architecture.com\/"},{"@type":"ListItem","position":2,"name":"Ma laverie"}]},{"@type":"WebSite","@id":"https:\/\/scan-architecture.com\/#website","url":"https:\/\/scan-architecture.com\/","name":"SCAN Architecture","description":"L&#039;atelier d&#039;architecture SCAN - Vincent HANNEBERT","publisher":{"@id":"https:\/\/scan-architecture.com\/#organization"},"potentialAction":[{"@type":"SearchAction","target":{"@type":"EntryPoint","urlTemplate":"https:\/\/scan-architecture.com\/?s={search_term_string}"},"query-input":{"@type":"PropertyValueSpecification","valueRequired":true,"valueName":"search_term_string"}}],"inLanguage":"en-US"},{"@type":"Organization","@id":"https:\/\/scan-architecture.com\/#organization","name":"SCAN Architecture","url":"https:\/\/scan-architecture.com\/","logo":{"@type":"ImageObject","inLanguage":"en-US","@id":"https:\/\/scan-architecture.com\/#\/schema\/logo\/image\/","url":"https:\/\/scan-architecture.com\/wp-content\/uploads\/2025\/07\/SL1_CURA-3.jpg","contentUrl":"https:\/\/scan-architecture.com\/wp-content\/uploads\/2025\/07\/SL1_CURA-3.jpg","width":1662,"height":2500,"caption":"SCAN Architecture"},"image":{"@id":"https:\/\/scan-architecture.com\/#\/schema\/logo\/image\/"}}]}},"_links":{"self":[{"href":"https:\/\/scan-architecture.com\/index.php\/wp-json\/wp\/v2\/pages\/188","targetHints":{"allow":["GET"]}}],"collection":[{"href":"https:\/\/scan-architecture.com\/index.php\/wp-json\/wp\/v2\/pages"}],"about":[{"href":"https:\/\/scan-architecture.com\/index.php\/wp-json\/wp\/v2\/types\/page"}],"author":[{"embeddable":true,"href":"https:\/\/scan-architecture.com\/index.php\/wp-json\/wp\/v2\/users\/1"}],"replies":[{"embeddable":true,"href":"https:\/\/scan-architecture.com\/index.php\/wp-json\/wp\/v2\/comments?post=188"}],"version-history":[{"count":1,"href":"https:\/\/scan-architecture.com\/index.php\/wp-json\/wp\/v2\/pages\/188\/revisions"}],"predecessor-version":[{"id":191,"href":"https:\/\/scan-architecture.com\/index.php\/wp-json\/wp\/v2\/pages\/188\/revisions\/191"}],"wp:attachment":[{"href":"https:\/\/scan-architecture.com\/index.php\/wp-json\/wp\/v2\/media?parent=188"}],"curies":[{"name":"wp","href":"https:\/\/api.w.org\/{rel}","templated":true}]}}